{"id":2537,"date":"2017-06-17T19:01:34","date_gmt":"2017-06-17T17:01:34","guid":{"rendered":"http:\/\/lemotdujour.fr\/?page_id=2537"},"modified":"2018-07-01T16:48:24","modified_gmt":"2018-07-01T14:48:24","slug":"la-violence-faite-aux-femmes-dans-lespace-public","status":"publish","type":"page","link":"https:\/\/lemotdujour.fr\/?page_id=2537","title":{"rendered":"La violence faite aux femmes dans l\u2019espace public"},"content":{"rendered":"<p><em><span style=\"color: #800080;\">Le 31 d\u00e9cembre 2015, une vague d\u2019agressions d\u00e9linquantes pour voler mais aussi \u00e0 caract\u00e8re sexuel contre des femmes a \u00e9t\u00e9 perp\u00e9tr\u00e9e dans la ville de Cologne. Les journaux ont, dans un premier temps, cach\u00e9 cette information. Lorsqu\u2019elle a \u00e9t\u00e9 enfin d\u00e9voil\u00e9e il y avait deux scandales\u00a0: le premier \u00e9tait constitu\u00e9 par ces agressions en masse non ma\u00eetris\u00e9es par les autorit\u00e9s, le second fut le silence des m\u00e9dias.<\/span><\/em><\/p>\n<p><em><span style=\"color: #800080;\">Ces deux scandales m\u2019ont conduit \u00e0 \u00e9crire 5 mots du jour sur ce sujet.<\/span><\/em><\/p>\n<p>&nbsp;<\/p>\n<p style=\"padding-left: 30px;\"><strong><span style=\"color: #000080;\">1 &#8211; \u00abLa nuit des chasseurs \u00bb<br \/>\n<\/span><\/strong><span style=\"color: #800000;\">Annick Cojean<\/span><\/p>\n<p style=\"padding-left: 30px;\"><em><span style=\"color: #993366;\">Mot du jour du lundi 25 Janvier 2016<\/span><\/em><\/p>\n<p>Il s\u2019est donc pass\u00e9 des agressions contre des femmes, \u00e0 grande \u00e9chelle, par des bandes organis\u00e9es dans la ville de Cologne le 31 d\u00e9cembre.<\/p>\n<p>Les forces de l\u2019ordre n\u2019ont pas su ma\u00eetriser ces actes de violence et dans un premier temps ont communiqu\u00e9 dans un d\u00e9ni de la r\u00e9alit\u00e9. Ils ont os\u00e9 affirmer que la nuit du r\u00e9veillon s\u2019est bien pass\u00e9e.<\/p>\n<p>\u00ab La nuit des chasseurs \u00bb est le titre d\u2019un article o\u00f9 la journaliste du Monde, Annick Cojean, donne la parole \u00e0 des victimes.<\/p>\n<p><span style=\"color: #0000ff;\"><a style=\"color: #0000ff;\" href=\"https:\/\/lemotdujour.fr\/?p=1586\">Lire l\u2019article<\/a><\/span><\/p>\n<p>&nbsp;<\/p>\n<p style=\"padding-left: 30px;\"><strong><span style=\"color: #000080;\">2 &#8211; \u00ab The fallacy of the superior virtue of the oppressed\u00bb<\/span><\/strong><br \/>\n<strong><span style=\"color: #000080;\"> \u00ab L\u2019erreur qui consiste \u00e0 croire dans la sup\u00e9riorit\u00e9 morale des opprim\u00e9s \u00bb<br \/>\n<\/span><\/strong><span style=\"color: #800000;\">Bertrand Russell (math\u00e9maticien et philosophe britannique 1872-1970)<\/span><br \/>\n<span style=\"color: #800000;\"> (Titre du chapitre 5 des \u00ab Unpopular Essays\u00a0 \u00bb(Essais impopulaires ouvrage de 1950)<\/span><\/p>\n<p style=\"padding-left: 30px;\"><em><span style=\"color: #993366;\">Mot du jour du mardi 26 Janvier 2016<\/span><\/em><\/p>\n<p>R\u00e9cemment, j\u2019ai lu \u00ab Une vie\u00bb de Simone Veil qui raconte la vie de cette grande dame qui a tant fait pour la cause des femmes et qui a \u00e9t\u00e9 aussi survivante des camps nazis.<\/p>\n<p>C\u2019est un livre passionnant. Un extrait m\u2019a particuli\u00e8rement marqu\u00e9, \u2026<\/p>\n<p><span style=\"color: #0000ff;\"><a style=\"color: #0000ff;\" href=\"https:\/\/lemotdujour.fr\/?p=1588\">Lire l\u2019article<\/a><\/span><\/p>\n<p>&nbsp;<\/p>\n<p style=\"padding-left: 30px;\"><span style=\"color: #000080;\"><strong>3 &#8211; \u00ab Vous n\u2019\u00eates pas coupable ! vous \u00eates victime. \u00bb<br \/>\n<\/strong><\/span><span style=\"color: #800000;\">Phrase se trouvant sur le site <span style=\"color: #0000ff;\"><a style=\"color: #0000ff;\" href=\"http:\/\/www.stop-violences-femmes.gouv.fr\/Le-viol-l-agression-sexuelle.html\">http:\/\/www.stop-violences-femmes.gouv.fr\/Le-viol-l-agression-sexuelle.html<\/a><\/span><\/span><\/p>\n<p style=\"padding-left: 30px;\"><em><span style=\"color: #993366;\">Mot du jour du mercredi 27 Janvier 2016<\/span><\/em><\/p>\n<p>Vous n\u2019\u00eates pas coupable, vous \u00eates victime !<\/p>\n<p>Combien de combats et de prise de conscience a-t-il fallu pour arriver \u00e0 cette affirmation qu\u2019il faut dire et r\u00e9p\u00e9ter aux femmes victimes de viols comme de violence.<\/p>\n<p>Et encore, m\u00eame dans nos pays, cette pens\u00e9e d\u00e9l\u00e9t\u00e8re, \u00ab elle a d\u00fb le chercher un peu ! \u00bb n\u2019est jamais tr\u00e8s loin. Elle est m\u00eame exprim\u00e9e par des femmes comme r\u00e9cemment par la maire de Cologne apr\u00e8s les \u00e9v\u00e9nements que nous savons.<\/p>\n<p><span style=\"color: #0000ff;\"><a style=\"color: #0000ff;\" href=\"https:\/\/lemotdujour.fr\/?p=1590\">Lire l\u2019article<\/a><\/span><\/p>\n<p>&nbsp;<\/p>\n<p style=\"padding-left: 30px;\"><strong><span style=\"color: #000080;\">4 &#8211; \u00ab La ville faite par et pour les hommes \u00bb<br \/>\n<\/span><\/strong><span style=\"color: #800000;\">Yves Raibaud,<a style=\"color: #800000;\" href=\"http:\/\/www.editions-belin.com\/ewb_pages\/f\/fiche-article-la-ville-faite-par-et-pour-les-hommes-26863.php\"> livre publi\u00e9 chez Belin<\/a><\/span><\/p>\n<p style=\"padding-left: 30px;\"><span style=\"color: #993366;\"><em>Mot du jour du jeudi 28 Janvier 2016<\/em><\/span><\/p>\n<p>Parler de la violence contre les femmes dans l\u2019espace public, ram\u00e8ne forc\u00e9ment \u00e0 s\u2019interroger sur les villes, sur la place des femmes dans les villes, dans les rues, sur les places, dans les transports.<\/p>\n<p>Je commencerai d\u2019abord par une exp\u00e9rience personnelle de la cour de r\u00e9cr\u00e9ation de la primaire que je n\u2019ai d\u00e9crypt\u00e9 que bien plus tard quand j\u2019ai commenc\u00e9 \u00e0 \u00eatre sensible \u00e0 la remise en cause de la soci\u00e9t\u00e9 patriarcale.<\/p>\n<p><span style=\"color: #0000ff;\"><a style=\"color: #0000ff;\" href=\"https:\/\/lemotdujour.fr\/?p=1592\">Lire l\u2019article<\/a><\/span><\/p>\n<p>&nbsp;<\/p>\n<p style=\"padding-left: 30px;\"><span style=\"color: #800000;\"><strong><span style=\"color: #000080;\">5 &#8211; \u00ab\u00a0La conqu\u00eate de l\u2019espace public par les femmes est tr\u00e8s important. Le fait de pouvoir sortir seule, le soir, la nuit ce qui est encore consid\u00e9r\u00e9 comme un danger pour les femmes, c\u2019est quelque chose qui doit cesser, partout\u00a0!\u00a0\u00bb<\/span><br \/>\n<\/strong>Michelle Perrot<\/span><\/p>\n<p style=\"padding-left: 30px;\"><em><span style=\"color: #993366;\">Mot du jour du vendredi 29 Janvier 2016<\/span><\/em><\/p>\n<p>Il faut conclure cette semaine consacr\u00e9e aux violences faites aux femmes dans l\u2019espace public, m\u00eame en France.<\/p>\n<p>Dans l\u2019esprit de beaucoup, le fait que les femmes doivent faire attention, \u00e9viter certaines tenues, \u00e9viter certains quartiers, ne pas sortir seule \u00e0 partir d\u2019une certaine heure est int\u00e9gr\u00e9 et surtout semble normal.<\/p>\n<p>Que dans le monde tel qu\u2019il existe il vaut mieux \u00eatre prudent, cela se comprend, mais que cela soit normal ! Non ce n\u2019est pas normal !<\/p>\n<p>C\u2019est une vraie prise de conscience qu\u2019il faut d\u00e9velopper, mais aussi l\u2019inscrire dans la r\u00e9alit\u00e9 avec les moyens appropri\u00e9s pour rendre l\u2019espace public sur, s\u00e9curis\u00e9 et apais\u00e9.<\/p>\n<p>Les \u00e9v\u00e8nements de Cologne pourraient conduire \u00e0 une r\u00e9gression si la peur l\u2019emportait.<\/p>\n<p>Une autre r\u00e9gression \u00e0 l\u2019\u00e9gard des femmes menace la France en raison du communautarisme qui s\u2019est d\u00e9velopp\u00e9 dans des populations issues de l\u2019immigration de population venant de pays et de culture qui sont encore \u00e0 un stade plus archa\u00efque des relations femme\/homme.<\/p>\n<p><span style=\"color: #0000ff;\"><a style=\"color: #0000ff;\" href=\"https:\/\/lemotdujour.fr\/?p=1594\">Lire l\u2019article<\/a><\/span><\/p>\n","protected":false},"excerpt":{"rendered":"<p>Le 31 d\u00e9cembre 2015, une vague d\u2019agressions d\u00e9linquantes pour voler mais aussi \u00e0 caract\u00e8re sexuel contre des femmes a \u00e9t\u00e9 perp\u00e9tr\u00e9e dans la ville de Cologne. Les journaux ont, dans un premier temps, cach\u00e9 cette information. Lorsqu\u2019elle a \u00e9t\u00e9 enfin<\/p>\n","protected":false},"author":1,"featured_media":0,"parent":2543,"menu_order":0,"comment_status":"closed","ping_status":"closed","template":"","meta":{"footnotes":""},"class_list":["post-2537","page","type-page","status-publish","hentry"],"_links":{"self":[{"href":"https:\/\/lemotdujour.fr\/index.php?rest_route=\/wp\/v2\/pages\/2537","targetHints":{"allow":["GET"]}}],"collection":[{"href":"https:\/\/lemotdujour.fr\/index.php?rest_route=\/wp\/v2\/pages"}],"about":[{"href":"https:\/\/lemotdujour.fr\/index.php?rest_route=\/wp\/v2\/types\/page"}],"author":[{"embeddable":true,"href":"https:\/\/lemotdujour.fr\/index.php?rest_route=\/wp\/v2\/users\/1"}],"replies":[{"embeddable":true,"href":"https:\/\/lemotdujour.fr\/index.php?rest_route=%2Fwp%2Fv2%2Fcomments&post=2537"}],"version-history":[{"count":6,"href":"https:\/\/lemotdujour.fr\/index.php?rest_route=\/wp\/v2\/pages\/2537\/revisions"}],"predecessor-version":[{"id":5152,"href":"https:\/\/lemotdujour.fr\/index.php?rest_route=\/wp\/v2\/pages\/2537\/revisions\/5152"}],"up":[{"embeddable":true,"href":"https:\/\/lemotdujour.fr\/index.php?rest_route=\/wp\/v2\/pages\/2543"}],"wp:attachment":[{"href":"https:\/\/lemotdujour.fr\/index.php?rest_route=%2Fwp%2Fv2%2Fmedia&parent=2537"}],"curies":[{"name":"wp","href":"https:\/\/api.w.org\/{rel}","templated":true}]}}

<p><em><span style="color: #800080;">Le 31 décembre 2015, une vague d’agressions délinquantes pour voler mais aussi à caractère sexuel contre des femmes a été perpétrée dans la ville de Cologne. Les journaux ont, dans un premier temps, caché cette information. Lorsqu’elle a été enfin dévoilée il y avait deux scandales : le premier était constitué par ces agressions en masse non maîtrisées par les autorités, le second fut le silence des médias.</span></em></p>
<p><em><span style="color: #800080;">Ces deux scandales m’ont conduit à écrire 5 mots du jour sur ce sujet.</span></em></p>
<p>&nbsp;</p>
<p style="padding-left: 30px;"><strong><span style="color: #000080;">1 &#8211; «La nuit des chasseurs »<br />
</span></strong><span style="color: #800000;">Annick Cojean</span></p>
<p style="padding-left: 30px;"><em><span style="color: #993366;">Mot du jour du lundi 25 Janvier 2016</span></em></p>
<p>Il s’est donc passé des agressions contre des femmes, à grande échelle, par des bandes organisées dans la ville de Cologne le 31 décembre.</p>
<p>Les forces de l’ordre n’ont pas su maîtriser ces actes de violence et dans un premier temps ont communiqué dans un déni de la réalité. Ils ont osé affirmer que la nuit du réveillon s’est bien passée.</p>
<p>« La nuit des chasseurs » est le titre d’un article où la journaliste du Monde, Annick Cojean, donne la parole à des victimes.</p>
<p><span style="color: #0000ff;"><a style="color: #0000ff;" href="https://lemotdujour.fr/?p=1586">Lire l’article</a></span></p>
<p>&nbsp;</p>
<p style="padding-left: 30px;"><strong><span style="color: #000080;">2 &#8211; « The fallacy of the superior virtue of the oppressed»</span></strong><br />
<strong><span style="color: #000080;"> « L’erreur qui consiste à croire dans la supériorité morale des opprimés »<br />
</span></strong><span style="color: #800000;">Bertrand Russell (mathématicien et philosophe britannique 1872-1970)</span><br />
<span style="color: #800000;"> (Titre du chapitre 5 des « Unpopular Essays  »(Essais impopulaires ouvrage de 1950)</span></p>
<p style="padding-left: 30px;"><em><span style="color: #993366;">Mot du jour du mardi 26 Janvier 2016</span></em></p>
<p>Récemment, j’ai lu « Une vie» de Simone Veil qui raconte la vie de cette grande dame qui a tant fait pour la cause des femmes et qui a été aussi survivante des camps nazis.</p>
<p>C’est un livre passionnant. Un extrait m’a particulièrement marqué, …</p>
<p><span style="color: #0000ff;"><a style="color: #0000ff;" href="https://lemotdujour.fr/?p=1588">Lire l’article</a></span></p>
<p>&nbsp;</p>
<p style="padding-left: 30px;"><span style="color: #000080;"><strong>3 &#8211; « Vous n’êtes pas coupable ! vous êtes victime. »<br />
</strong></span><span style="color: #800000;">Phrase se trouvant sur le site <span style="color: #0000ff;"><a style="color: #0000ff;" href="http://www.stop-violences-femmes.gouv.fr/Le-viol-l-agression-sexuelle.html">http://www.stop-violences-femmes.gouv.fr/Le-viol-l-agression-sexuelle.html</a></span></span></p>
<p style="padding-left: 30px;"><em><span style="color: #993366;">Mot du jour du mercredi 27 Janvier 2016</span></em></p>
<p>Vous n’êtes pas coupable, vous êtes victime !</p>
<p>Combien de combats et de prise de conscience a-t-il fallu pour arriver à cette affirmation qu’il faut dire et répéter aux femmes victimes de viols comme de violence.</p>
<p>Et encore, même dans nos pays, cette pensée délétère, « elle a dû le chercher un peu ! » n’est jamais très loin. Elle est même exprimée par des femmes comme récemment par la maire de Cologne après les événements que nous savons.</p>
<p><span style="color: #0000ff;"><a style="color: #0000ff;" href="https://lemotdujour.fr/?p=1590">Lire l’article</a></span></p>
<p>&nbsp;</p>
<p style="padding-left: 30px;"><strong><span style="color: #000080;">4 &#8211; « La ville faite par et pour les hommes »<br />
</span></strong><span style="color: #800000;">Yves Raibaud,<a style="color: #800000;" href="http://www.editions-belin.com/ewb_pages/f/fiche-article-la-ville-faite-par-et-pour-les-hommes-26863.php"> livre publié chez Belin</a></span></p>
<p style="padding-left: 30px;"><span style="color: #993366;"><em>Mot du jour du jeudi 28 Janvier 2016</em></span></p>
<p>Parler de la violence contre les femmes dans l’espace public, ramène forcément à s’interroger sur les villes, sur la place des femmes dans les villes, dans les rues, sur les places, dans les transports.</p>
<p>Je commencerai d’abord par une expérience personnelle de la cour de récréation de la primaire que je n’ai décrypté que bien plus tard quand j’ai commencé à être sensible à la remise en cause de la société patriarcale.</p>
<p><span style="color: #0000ff;"><a style="color: #0000ff;" href="https://lemotdujour.fr/?p=1592">Lire l’article</a></span></p>
<p>&nbsp;</p>
<p style="padding-left: 30px;"><span style="color: #800000;"><strong><span style="color: #000080;">5 &#8211; « La conquête de l’espace public par les femmes est très important. Le fait de pouvoir sortir seule, le soir, la nuit ce qui est encore considéré comme un danger pour les femmes, c’est quelque chose qui doit cesser, partout ! »</span><br />
</strong>Michelle Perrot</span></p>
<p style="padding-left: 30px;"><em><span style="color: #993366;">Mot du jour du vendredi 29 Janvier 2016</span></em></p>
<p>Il faut conclure cette semaine consacrée aux violences faites aux femmes dans l’espace public, même en France.</p>
<p>Dans l’esprit de beaucoup, le fait que les femmes doivent faire attention, éviter certaines tenues, éviter certains quartiers, ne pas sortir seule à partir d’une certaine heure est intégré et surtout semble normal.</p>
<p>Que dans le monde tel qu’il existe il vaut mieux être prudent, cela se comprend, mais que cela soit normal ! Non ce n’est pas normal !</p>
<p>C’est une vraie prise de conscience qu’il faut développer, mais aussi l’inscrire dans la réalité avec les moyens appropriés pour rendre l’espace public sur, sécurisé et apaisé.</p>
<p>Les évènements de Cologne pourraient conduire à une régression si la peur l’emportait.</p>
<p>Une autre régression à l’égard des femmes menace la France en raison du communautarisme qui s’est développé dans des populations issues de l’immigration de population venant de pays et de culture qui sont encore à un stade plus archaïque des relations femme/homme.</p>
<p><span style="color: #0000ff;"><a style="color: #0000ff;" href="https://lemotdujour.fr/?p=1594">Lire l’article</a></span></p>

<p>Le 31 décembre 2015, une vague d’agressions délinquantes pour voler mais aussi à caractère sexuel contre des femmes a été perpétrée dans la ville de Cologne. Les journaux ont, dans un premier temps, caché cette information. Lorsqu’elle a été enfin</p>
