{"id":1758,"date":"2017-06-06T04:30:37","date_gmt":"2017-06-06T02:30:37","guid":{"rendered":"http:\/\/lemotdujour.fr\/?page_id=1758"},"modified":"2017-06-20T21:30:27","modified_gmt":"2017-06-20T19:30:27","slug":"quelques-mots-sur-lauteur","status":"publish","type":"page","link":"https:\/\/lemotdujour.fr\/?page_id=1758","title":{"rendered":"Quelques mots sur l&rsquo;auteur"},"content":{"rendered":"<p><span style=\"color: #8a4e80;\">Je suis n\u00e9 la m\u00eame ann\u00e9e que la V\u00e8me R\u00e9publique, en Lorraine, dans la ville de Forbach.<\/span><\/p>\n<p><span style=\"color: #8a4e80;\">D\u00e8s mon plus jeune \u00e2ge, j&rsquo;ai \u00e9t\u00e9 baign\u00e9 par la musique classique, mon p\u00e8re \u00e9tait professeur de violon et mon fr\u00e8re ain\u00e9 \u00e9tudiait le violon au conservatoire sup\u00e9rieur de musique de Paris, il deviendra musicien professionnel. J&rsquo;ai moi-m\u00eame tent\u00e9 de commencer l&rsquo;\u00e9tude du violoncelle avant de me r\u00e9soudre \u00e0 n&rsquo;\u00eatre que m\u00e9lomane.<br \/>\n<\/span><\/p>\n<p><span style=\"color: #8a4e80;\">Tr\u00e8s rapidement je me suis int\u00e9ress\u00e9 aussi \u00e0 la Politique, \u00e0 l&rsquo;Histoire et \u00e0 d&rsquo;autres choses qui touchent \u00e0 l&rsquo;intelligence et \u00e0 la r\u00e9flexion.<\/span><\/p>\n<p><span style=\"color: #8a4e80;\">J&rsquo;ai poursuivi des \u00e9tudes diverses, d&rsquo;abord des \u00e9tudes de math\u00e9matiques dans les classes de math sup et math spe du Lyc\u00e9e Kl\u00e9ber de Strasbourg qui se sont achev\u00e9es par un \u00e9chec. Par la suite j&rsquo;ai entrepris des \u00e9tudes de droit Public \u00e0 la Facult\u00e9 de Metz.<\/span><\/p>\n<p><span style=\"color: #8a4e80;\">Ces \u00e9tudes m&rsquo;ont amen\u00e9 \u00e0 entrer dans la fonction publique en tant que fonctionnaire des imp\u00f4ts que je suis toujours. D&rsquo;abord dans l&rsquo;administration centrale \u00e0 Bercy puis depuis 2002 \u00e0 Lyon.<\/span><\/p>\n<p><span style=\"color: #8a4e80;\">En 2003, j&rsquo;ai entrepris des \u00e9tudes d&rsquo;Histoire que j&rsquo;ai du interrompre pendant l&rsquo;ann\u00e9e de Masters, le travail et la vie familiale ne permettant pas de trouver le temps n\u00e9cessaire pour poursuivre ce type d&rsquo;\u00e9tude.<\/span><\/p>\n<p><span style=\"color: #8a4e80;\">En 2003, j&rsquo;ai \u00e9galement adh\u00e9r\u00e9 au Parti Socialiste, Apr\u00e8s le d\u00e9sastre de 2002. J&rsquo;ai pay\u00e9 ma cotisation jusqu&rsquo;en 2015. Depuis j&rsquo;ai du mal \u00e0 m&rsquo;int\u00e9resser \u00e0 ce qui touche ce parti et je me suis \u00e9loign\u00e9 de cette mani\u00e8re de participer \u00e0 la vie politique.<\/span><\/p>\n<p><span style=\"color: #8a4e80;\">En 2012, suite \u00e0 un d\u00e9fi propos\u00e9 par une coll\u00e8gue de travail j&rsquo;ai commenc\u00e9 \u00e0 r\u00e9diger un mot du jour que j&rsquo;envoyais par courriel \u00e0 quelques coll\u00e8gues, les jours ouvr\u00e9s de la semaine et en dehors des p\u00e9riodes de cong\u00e9.<\/span><\/p>\n<p><span style=\"color: #8a4e80;\">Peu \u00e0 peu des amis et des membres de la famille ont \u00e9largi le cercle des destinataires. Le propos s&rsquo;est \u00e9largi aussi et au lieu de trouver de simples pens\u00e9es dont il \u00e9tait souvent p\u00e9rilleux de pr\u00e9tendre l&rsquo;exactitude de la source, cet exercice quotidien s&rsquo;est approfondi vers des r\u00e9flexions plus actuelles o\u00f9 je partageais des lectures, des \u00e9missions de radio que j&rsquo;\u00e9coutais ou des articles et conf\u00e9rences trouv\u00e9es sur le Web, et aussi des r\u00e9flexions ou mon exp\u00e9rience personnelle.<\/span><\/p>\n<p><span style=\"color: #8a4e80;\">C&rsquo;est en approchant des 900 mots du jour et d&rsquo;un nombre de destinataires qui d\u00e9passe la centaine que j&rsquo;ai pens\u00e9 utile et pertinent d&rsquo;en faire un partage plus simple et plus \u00e9largi encore en profitant des grandes comp\u00e9tences de mon fils Alexis pour cr\u00e9er ce blog et pour y injecter la totalit\u00e9 des mots d\u00e9j\u00e0 \u00e9crits et d&rsquo;y inclure au fur \u00e0 mesure les nouveaux mots \u00e9crits quotidiennement.<\/span><\/p>\n<p><span style=\"color: #8a4e80;\">Souvent au fil de ces mots vous lirez le pr\u00e9nom d&rsquo;Annie qui est ma douce compagne depuis pr\u00e8s de 30 ans. Ensemble nous avons eu le bonheur d&rsquo;avoir deux enfants merveilleux Alexis et Natacha.<\/span><\/p>\n<p><span style=\"color: #000080;\"><span style=\"color: #8a4e80;\">En 2011, la vie m&rsquo;a offert un \u00abcadeau mal emball\u00e9\u00bb comme le nomme\u00a0<\/span><span lang=\"EN-US\"><span style=\"color: #0000ff;\"><a style=\"color: #0000ff;\" href=\"https:\/\/lemotdujour.fr\/?p=512\">Marine de Nicola<\/a><\/span>. <span style=\"color: #8a4e80;\">Il en est peu question mais quelquefois le sujet affleure<\/span><\/span><span style=\"color: #8a4e80;\">. Ce cadeau m&rsquo;a donn\u00e9 une autre notion du temps et de la distinction de ce qui est futile et de ce qui compte vraiment.<\/span><\/span><\/p>\n<p><span style=\"color: #8a4e80;\">Je n&rsquo;ai pas enlev\u00e9 les premiers mots du jour qui ont \u00e9t\u00e9 \u00e9crits dans le contexte particulier du milieu professionnel et qui peuvent d\u00e8s lors appara\u00eetre un peu abscons pour celles et ceux qui ne sont pas \u00ab\u00a0initi\u00e9s\u00a0\u00bb. Par ailleurs quelques uns de ces mots fr\u00f4lent la futilit\u00e9 \u00e9voqu\u00e9e ci-avant. Mais j&rsquo;ai souhait\u00e9 les laisser pour montrer comment cette aventure qui date d\u00e9j\u00e0 de 5 ans, a commenc\u00e9. En outre, il ne s&rsquo;agit que des tous premiers.<\/span><\/p>\n<p><span style=\"color: #8a4e80;\">Au long des mois et ann\u00e9es, ces mots sont devenus souvent plus longs. Beaucoup des contenus sont des citations d&rsquo;auteurs que je commente plus ou moins longuement. Mais d&rsquo;autres sont uniquement de ma plume ou de mon clavier pour \u00eatre plus exact.<\/span><\/p>\n<p><span style=\"color: #993366;\"><span style=\"color: #8a4e80;\">Par exemple ce premier message que j&rsquo;ai \u00e9crit apr\u00e8s l&rsquo;attentat contre Charlie Hebdo<\/span>\u00a0<\/span> <span style=\"color: #8a4e80;\"><a style=\"color: #0000ff;\" href=\"https:\/\/lemotdujour.fr\/?p=958\">\u00ab Le rire lib\u00e8re de la peur du diable, [\u2026]\u00bb. <\/a>Vous trouverez aussi\u00a0 mon analyse de la 5\u00e8me R\u00e9publique :\u00a0 <span style=\"color: #0000ff;\"><a style=\"color: #0000ff;\" href=\"https:\/\/lemotdujour.fr\/?p=420\">\u00abLa cinqui\u00e8me R\u00e9publique !\u00bb.<\/a><\/span><\/span><\/p>\n<p><span style=\"color: #8a4e80;\">Je ne m&rsquo;interdis aucun domaine de prospection intellectuelle. Je fuis, autant que possible, la pol\u00e9mique m\u00eame si sur certains points je professe des opinions tr\u00e8s affirm\u00e9es, mais je pr\u00e9f\u00e8re la nuance \u00e0 l&rsquo;affirmation p\u00e9remptoire. En revanche j&rsquo;aime lire et approfondir des \u00e9clairages diff\u00e9rents, voire contradictoires sur les m\u00eames sujets, particuli\u00e8rement les sujets \u00e9conomiques ou politiques.<\/span><\/p>\n<p><span style=\"color: #8a4e80;\">Savoir quand cette aventure, \u00e9crire un mot tous les jours, se terminera, je ne le sais pas.<\/span><\/p>\n<p><span style=\"color: #8a4e80;\">Certainement pas bient\u00f4t, sinon ouvrir ce blog n&rsquo;aurait pas de sens.<\/span><\/p>\n<p><span style=\"color: #8a4e80;\">Si une telle d\u00e9marche peut attirer votre int\u00e9r\u00eat et votre bienveillance, vous \u00eates les bienvenus sur ce blog.<\/span><\/p>\n<p><span style=\"color: #8a4e80;\">Mardi, 6 juin 2017<\/span><\/p>\n<p><img loading=\"lazy\" decoding=\"async\" class=\"alignnone size-medium wp-image-2299\" src=\"https:\/\/lemotdujour.fr\/wp-content\/uploads\/2017\/05\/Blog-1-228x300.jpg\" alt=\"\" width=\"228\" height=\"300\" srcset=\"https:\/\/lemotdujour.fr\/wp-content\/uploads\/2017\/05\/Blog-1-228x300.jpg 228w, https:\/\/lemotdujour.fr\/wp-content\/uploads\/2017\/05\/Blog-1.jpg 336w\" sizes=\"auto, (max-width: 228px) 100vw, 228px\" \/><\/p>\n<p><img loading=\"lazy\" decoding=\"async\" class=\"alignnone size-full wp-image-1870\" src=\"https:\/\/lemotdujour.fr\/wp-content\/uploads\/2017\/05\/Alain.png\" alt=\"\" width=\"129\" height=\"61\" \/><\/p>\n<p>&nbsp;<\/p>\n","protected":false},"excerpt":{"rendered":"<p>Je suis n\u00e9 la m\u00eame ann\u00e9e que la V\u00e8me R\u00e9publique, en Lorraine, dans la ville de Forbach. D\u00e8s mon plus jeune \u00e2ge, j&rsquo;ai \u00e9t\u00e9 baign\u00e9 par la musique classique, mon p\u00e8re \u00e9tait professeur de violon et mon fr\u00e8re ain\u00e9 \u00e9tudiait<\/p>\n","protected":false},"author":1,"featured_media":0,"parent":0,"menu_order":0,"comment_status":"closed","ping_status":"closed","template":"","meta":{"footnotes":""},"class_list":["post-1758","page","type-page","status-publish","hentry"],"_links":{"self":[{"href":"https:\/\/lemotdujour.fr\/index.php?rest_route=\/wp\/v2\/pages\/1758","targetHints":{"allow":["GET"]}}],"collection":[{"href":"https:\/\/lemotdujour.fr\/index.php?rest_route=\/wp\/v2\/pages"}],"about":[{"href":"https:\/\/lemotdujour.fr\/index.php?rest_route=\/wp\/v2\/types\/page"}],"author":[{"embeddable":true,"href":"https:\/\/lemotdujour.fr\/index.php?rest_route=\/wp\/v2\/users\/1"}],"replies":[{"embeddable":true,"href":"https:\/\/lemotdujour.fr\/index.php?rest_route=%2Fwp%2Fv2%2Fcomments&post=1758"}],"version-history":[{"count":15,"href":"https:\/\/lemotdujour.fr\/index.php?rest_route=\/wp\/v2\/pages\/1758\/revisions"}],"predecessor-version":[{"id":2592,"href":"https:\/\/lemotdujour.fr\/index.php?rest_route=\/wp\/v2\/pages\/1758\/revisions\/2592"}],"wp:attachment":[{"href":"https:\/\/lemotdujour.fr\/index.php?rest_route=%2Fwp%2Fv2%2Fmedia&parent=1758"}],"curies":[{"name":"wp","href":"https:\/\/api.w.org\/{rel}","templated":true}]}}

<p><span style="color: #8a4e80;">Je suis né la même année que la Vème République, en Lorraine, dans la ville de Forbach.</span></p>
<p><span style="color: #8a4e80;">Dès mon plus jeune âge, j&rsquo;ai été baigné par la musique classique, mon père était professeur de violon et mon frère ainé étudiait le violon au conservatoire supérieur de musique de Paris, il deviendra musicien professionnel. J&rsquo;ai moi-même tenté de commencer l&rsquo;étude du violoncelle avant de me résoudre à n&rsquo;être que mélomane.<br />
</span></p>
<p><span style="color: #8a4e80;">Très rapidement je me suis intéressé aussi à la Politique, à l&rsquo;Histoire et à d&rsquo;autres choses qui touchent à l&rsquo;intelligence et à la réflexion.</span></p>
<p><span style="color: #8a4e80;">J&rsquo;ai poursuivi des études diverses, d&rsquo;abord des études de mathématiques dans les classes de math sup et math spe du Lycée Kléber de Strasbourg qui se sont achevées par un échec. Par la suite j&rsquo;ai entrepris des études de droit Public à la Faculté de Metz.</span></p>
<p><span style="color: #8a4e80;">Ces études m&rsquo;ont amené à entrer dans la fonction publique en tant que fonctionnaire des impôts que je suis toujours. D&rsquo;abord dans l&rsquo;administration centrale à Bercy puis depuis 2002 à Lyon.</span></p>
<p><span style="color: #8a4e80;">En 2003, j&rsquo;ai entrepris des études d&rsquo;Histoire que j&rsquo;ai du interrompre pendant l&rsquo;année de Masters, le travail et la vie familiale ne permettant pas de trouver le temps nécessaire pour poursuivre ce type d&rsquo;étude.</span></p>
<p><span style="color: #8a4e80;">En 2003, j&rsquo;ai également adhéré au Parti Socialiste, Après le désastre de 2002. J&rsquo;ai payé ma cotisation jusqu&rsquo;en 2015. Depuis j&rsquo;ai du mal à m&rsquo;intéresser à ce qui touche ce parti et je me suis éloigné de cette manière de participer à la vie politique.</span></p>
<p><span style="color: #8a4e80;">En 2012, suite à un défi proposé par une collègue de travail j&rsquo;ai commencé à rédiger un mot du jour que j&rsquo;envoyais par courriel à quelques collègues, les jours ouvrés de la semaine et en dehors des périodes de congé.</span></p>
<p><span style="color: #8a4e80;">Peu à peu des amis et des membres de la famille ont élargi le cercle des destinataires. Le propos s&rsquo;est élargi aussi et au lieu de trouver de simples pensées dont il était souvent périlleux de prétendre l&rsquo;exactitude de la source, cet exercice quotidien s&rsquo;est approfondi vers des réflexions plus actuelles où je partageais des lectures, des émissions de radio que j&rsquo;écoutais ou des articles et conférences trouvées sur le Web, et aussi des réflexions ou mon expérience personnelle.</span></p>
<p><span style="color: #8a4e80;">C&rsquo;est en approchant des 900 mots du jour et d&rsquo;un nombre de destinataires qui dépasse la centaine que j&rsquo;ai pensé utile et pertinent d&rsquo;en faire un partage plus simple et plus élargi encore en profitant des grandes compétences de mon fils Alexis pour créer ce blog et pour y injecter la totalité des mots déjà écrits et d&rsquo;y inclure au fur à mesure les nouveaux mots écrits quotidiennement.</span></p>
<p><span style="color: #8a4e80;">Souvent au fil de ces mots vous lirez le prénom d&rsquo;Annie qui est ma douce compagne depuis près de 30 ans. Ensemble nous avons eu le bonheur d&rsquo;avoir deux enfants merveilleux Alexis et Natacha.</span></p>
<p><span style="color: #000080;"><span style="color: #8a4e80;">En 2011, la vie m&rsquo;a offert un «cadeau mal emballé» comme le nomme </span><span lang="EN-US"><span style="color: #0000ff;"><a style="color: #0000ff;" href="https://lemotdujour.fr/?p=512">Marine de Nicola</a></span>. <span style="color: #8a4e80;">Il en est peu question mais quelquefois le sujet affleure</span></span><span style="color: #8a4e80;">. Ce cadeau m&rsquo;a donné une autre notion du temps et de la distinction de ce qui est futile et de ce qui compte vraiment.</span></span></p>
<p><span style="color: #8a4e80;">Je n&rsquo;ai pas enlevé les premiers mots du jour qui ont été écrits dans le contexte particulier du milieu professionnel et qui peuvent dès lors apparaître un peu abscons pour celles et ceux qui ne sont pas « initiés ». Par ailleurs quelques uns de ces mots frôlent la futilité évoquée ci-avant. Mais j&rsquo;ai souhaité les laisser pour montrer comment cette aventure qui date déjà de 5 ans, a commencé. En outre, il ne s&rsquo;agit que des tous premiers.</span></p>
<p><span style="color: #8a4e80;">Au long des mois et années, ces mots sont devenus souvent plus longs. Beaucoup des contenus sont des citations d&rsquo;auteurs que je commente plus ou moins longuement. Mais d&rsquo;autres sont uniquement de ma plume ou de mon clavier pour être plus exact.</span></p>
<p><span style="color: #993366;"><span style="color: #8a4e80;">Par exemple ce premier message que j&rsquo;ai écrit après l&rsquo;attentat contre Charlie Hebdo</span> </span> <span style="color: #8a4e80;"><a style="color: #0000ff;" href="https://lemotdujour.fr/?p=958">« Le rire libère de la peur du diable, […]». </a>Vous trouverez aussi  mon analyse de la 5ème République :  <span style="color: #0000ff;"><a style="color: #0000ff;" href="https://lemotdujour.fr/?p=420">«La cinquième République !».</a></span></span></p>
<p><span style="color: #8a4e80;">Je ne m&rsquo;interdis aucun domaine de prospection intellectuelle. Je fuis, autant que possible, la polémique même si sur certains points je professe des opinions très affirmées, mais je préfère la nuance à l&rsquo;affirmation péremptoire. En revanche j&rsquo;aime lire et approfondir des éclairages différents, voire contradictoires sur les mêmes sujets, particulièrement les sujets économiques ou politiques.</span></p>
<p><span style="color: #8a4e80;">Savoir quand cette aventure, écrire un mot tous les jours, se terminera, je ne le sais pas.</span></p>
<p><span style="color: #8a4e80;">Certainement pas bientôt, sinon ouvrir ce blog n&rsquo;aurait pas de sens.</span></p>
<p><span style="color: #8a4e80;">Si une telle démarche peut attirer votre intérêt et votre bienveillance, vous êtes les bienvenus sur ce blog.</span></p>
<p><span style="color: #8a4e80;">Mardi, 6 juin 2017</span></p>
<p><img loading="lazy" decoding="async" class="alignnone size-medium wp-image-2299" src="https://lemotdujour.fr/wp-content/uploads/2017/05/Blog-1-228x300.jpg" alt="" width="228" height="300" srcset="https://lemotdujour.fr/wp-content/uploads/2017/05/Blog-1-228x300.jpg 228w, https://lemotdujour.fr/wp-content/uploads/2017/05/Blog-1.jpg 336w" sizes="auto, (max-width: 228px) 100vw, 228px" /></p>
<p><img loading="lazy" decoding="async" class="alignnone size-full wp-image-1870" src="https://lemotdujour.fr/wp-content/uploads/2017/05/Alain.png" alt="" width="129" height="61" /></p>
<p>&nbsp;</p>

<p>Je suis né la même année que la Vème République, en Lorraine, dans la ville de Forbach. Dès mon plus jeune âge, j&rsquo;ai été baigné par la musique classique, mon père était professeur de violon et mon frère ainé étudiait</p>
